is the tens digit of j?
4
Let d(v) = -2*v**2 + 2*v. Let i(j) = 37*j**2 + j + 27. Let x(u) = -4*d(u) + i(u). What is the units digit of x(-5)?
7
Let v be (-1155)/1 + 1 + -2. Let g = -515 - v. What is the tens digit of g?
4
Suppose -2*u = -2*n + 4542, 2*u - 3816 - 7525 = -5*n. What is the thousands digit of n?
2
Let n(l) = 7*l. Let h be n(0). Suppose h = 4*o - 24 + 8, -2*u - 8 = -5*o. What is the hundreds digit of 5 + (-10)/u*-93?
1
What is the thousands digit of ((-38485)/301)/((-4)/252)?
8
What is the tens digit of 6/2 - (1008/(-588) - 186862/14)?
5
Suppose 16600 = 8*p + 16103 - 375743. What is the tens digit of p?
3
Let c(m) = 273*m - 368. What is the hundreds digit of c(23)?
9
Let l = 83 - 14. Suppose -p + 2*p = -l. Let q = 134 + p. What is the tens digit of q?
6
Suppose 37*h - 68815 - 600737 = 0. What is the units digit of h?
6
Let k(n) = 1494*n - 840. What is the units digit of k(38)?
2
What is the hundreds digit of 115/690*(-467148)/(-2)?
9
Let o be 3*2*4/3. Let r(w) = w**3 - 3*w**2 - 6*w - 12. Let c(n) = n**3 - 4*n**2 - 6*n - 11. Let k(i) = -5*c(i) + 4*r(i). What is the units digit of k(o)?
5
Suppose 5*m + 617 = -628. Let v = m - -814. What is the tens digit of v?
6
Let u = -2867 + 22692. What is the tens digit of u?
2
Let z be 1 + 21 + 16/(-4). Let v be z/(-24) - 0 - 30/(-8). What is the tens digit of 4 - (v - -1) - -133?
3
Let p(a) = -10*a**2 + 4*a - 5. Let c be p(-5). Suppose -19415 = -43*r - 839. Let y = r + c. What is the units digit of y?
7
Suppose -64670 - 505305 = -25*n. What is the units digit of n?
9
Let u = 28944 + -3902. What is the units digit of u?
2
Suppose 2*m + 5*n = 66, 0 = -2*m - 4*n + 3*n + 50. Let i(t) = -5 + 15 - 5*t - m*t. What is the tens digit of i(-7)?
0
Let v be (6/(-3))/((-2)/4). Suppose 0 = -c + 3*c - 4*x - 1030, 3*x + 2050 = v*c. Suppose -4*s = -2*s - 2*b - 268, b - c = -4*s. What is the tens digit of s?
2
Let i(n) be the third derivative of 1/12*n**4 + 7/3*n**3 - 1/20*n**5 - 20*n**2 + 1/120*n**6 + 0 + 0*n. What is the hundreds digit of i(7)?
2
Suppose -g + 5*l = -822, g - 2*l = -g + 1652. Let r = g - 362. What is the units digit of r?
5
Let l(r) = -r**3 - 10*r**2 + 10*r - 4. Let x be l(-5). What is the hundreds digit of 4*(-6)/8 - x?
1
Let w(v) be the second derivative of -3*v**5/20 - 17*v**4/12 - v**3/3 + 3*v**2/2 + 7*v - 2. What is the units digit of w(-7)?
3
Suppose 3*s - 149382 = 60*i - 63*i, 0 = -5*s + 35. What is the tens digit of i?
8
Let s be 2507/13 + 64/416. Let q = 727 - s. What is the hundreds digit of q?
5
Suppose -520 = -2*b - 2*c, 4*b + 89 = c + 1124. What is the hundreds digit of 1*(b - 0*(-2)/(-6))?
2
Let k = 249 - 247. Suppose -q + 290 = -3*i, 0 = q - k*q - i + 278. What is the tens digit of q?
8
Let x = -57 - -161. Let g = x + 2. What is the units digit of g?
6
What is the tens digit of (2016/(-5))/((-468)/225 + 2)?
4
Let d(p) = 247*p - 620. What is the tens digit of d(6)?
6
Let n(x) = -109*x**2 - 4*x + 1. Let b be n(-2). Let c = 122 - b. What is the hundreds digit of c?
5
What is the units digit of (23/(-2))/(67/(-10184))?
8
Let l = -84 - -91. Let r(i) = -i**3 + 6*i**2 + 11*i - 24. Let u be r(l). What is the units digit of -5*(-8)/(-4)*(-42)/u?
5
Let p be (-5)/25*2*-15. Let j = -23 - -107. Suppose 0 = p*u - j - 480. What is the tens digit of u?
9
Suppose y + a = 15, -35 = -5*y + 4*a + a. Let c = 14 - y. What is the tens digit of (0 + c)/(-6)*(-34 - 0)?
1
Suppose 181*l = 253*l - 3933864. What is the hundreds digit of l?
6
Let i = 33 - 28. Suppose f = -0*f + i. Suppose -m + p + 37 = 0, f*p - 74 = 2*m - 4*m. What is the tens digit of m?
3
Let n(u) = 3*u + 11. Let d be n(-12). Let q = d + 36. Let f = 89 - q. What is the tens digit of f?
7
Let v(y) = -y**2 - 14*y + 25. Let x be v(-15). Suppose a = 5*z - a + 15, z = -a - x. Let o(u) = -13*u - 2. What is the units digit of o(z)?
3
Let q(o) = 123*o**2 + 9*o - 11. Suppose -3*d + 3 = -r, -5*r + 10 = -2*d - 1. What is the tens digit of q(r)?
2
Let n(j) = -j**3 + 7*j**2 - j + 5. Let g be n(7). Let c(f) be the second derivative of -17*f**3/3 + 3*f**2/2 + 49*f - 5. What is the tens digit of c(g)?
7
Suppose 2*t - 4*h - 3854 = 0, 168*h + 9671 = 5*t + 164*h. What is the units digit of t?
9
Let x(w) = 3*w + 39. Let g be x(-12). Suppose 5*f = -5*d + 10*f + 1670, -g*d - 4*f = -981. What is the units digit of d?
1
Suppose 10*q + 0 - 80 = 0. Suppose 3*i = 4*n - 7*n + 48, -2*i + 2*n + 12 = 0. Suppose q*h = i*h - 267. What is the units digit of h?
9
What is the hundreds digit of (1092 + 1)*6/(-42)*-91?
2
Suppose 8*j + 220 = 19*j. Let z = j - 18. Suppose -z*q + 1037 + 110 = 5*f, 3 = 3*q. What is the units digit of f?
9
Let o(l) = -6*l**3 - 6*l**2 - 28*l - 152. What is the tens digit of o(-7)?
0
Let t(r) = r**3 + 129*r**2 - 134*r - 220. What is the hundreds digit of t(-130)?
3
Suppose 2*d + 6 = 0, -2*z - 8*d + 20 = -6*d. Suppose z*i = 14*i - 144. What is the hundreds digit of i?
1
Let a be -1 - (-4 + 1)*1. Suppose a*d - 12 = 4*q, -d + 4*d + 5*q - 29 = 0. Let v = d - -20. What is the units digit of v?
8
Suppose -9*u = -84622 + 16690. Suppose -4*d = -21*d + u. What is the tens digit of d?
4
Suppose c = 2*j - 8, c + 6*j = 4*j - 12. What is the hundreds digit of 1*c/(-3)*279/2?
4
Let n = 218 + -1273. Let g = n - -1481. What is the units digit of g?
6
Suppose -47066 = 18*l - 162950. What is the tens digit of l?
3
Suppose -i + 73 = -26. Let j = i - -93. Suppose 3*k = -k + j. What is the units digit of k?
8
Let d(j) = 64*j - 63. Let u be d(-22). Let m = 2527 + u. What is the hundreds digit of m?
0
Let y(r) = -3*r**2 + 13*r. Let q be y(4). Suppose 5*k + 72 + 34 = 3*h, 0 = q*k + 8. What is the units digit of h?
2
Suppose 5*h - 5*w - 81791 = -13716, 5*h = w + 68071. What is the thousands digit of h?
3
Let v be (-2 + -1)/(33/20372). Let l = 2618 + v. What is the tens digit of l?
6
Suppose -54*g + 59*g - 74793 = -4*z, -10 = -2*g. What is the ten thousands digit of z?
1
Let b be (1 - 5)*((-9)/6 - -1). Let o(i) = 2*i**3 - i**2 - 3*i + 1. Let s be o(b). Suppose 11*a - 432 = s*a. What is the hundreds digit of a?
1
Suppose -2*t = -3*t + 5*a - 33, -3*t = 3*a + 9. Let w(x) = -3*x - 27. Let b be w(t). Let c(q) = 10*q**2 - 5*q - 6. What is the tens digit of c(b)?
9
Suppose -90021 - 2883 = -3*l - 5*k, 5*k = 3*l - 92904. What is the thousands digit of l?
0
Let h = 20731 - 14774. What is the tens digit of h?
5
Suppose -86 + 14 = 6*j. Let w(a) = a**3 + 14*a**2 + 22*a - 19. Let g be w(j). Suppose 2*z - g*z = -90. What is the tens digit of z?
3
Let q(n) = n + 7. Let b be q(-6). Let y be (-2)/4*(-1 - 5/b). Suppose 0*h - 357 = -y*h. What is the units digit of h?
9
Let r(n) = -2*n**2 + 2*n + 2. Let b be r(0). Suppose 130 = b*d + 3*d. Suppose -l + 0*l = -d. What is the units digit of l?
6
Let o = -25 + -195. Let v = 50 - o. What is the hundreds digit of v?
2
What is the hundreds digit of 10370 + 3/(135/18 + -6)?
3
Suppose 24*z - 22392 - 49835 = 5893. What is the units digit of z?
5
Suppose 2702 = 3*t + 5*o, -1349 = -3*t - 3*o + 1357. Suppose -4*b = -12, 2*g + 0*b - t = 4*b. What is the hundreds digit of g?
4
Let l = 97 + -72. Suppose -l*u + 3294 = -19*u. What is the hundreds digit of u?
5
Let b(s) be the first derivative of -3*s**4/4 - 17*s**3/3 + s**2 + 65. What is the hundreds digit of b(-8)?
4
Let h(z) = -13*z + 244. Let j be h(19). What is the hundreds digit of (-4884)/(18/(-3)) + j?
8
Let r be (-218)/(-10) + 3/15. Suppose 5*z - r = -2. Suppose z*l = -2*l + 540. What is the tens digit of l?
9
Let m(z) = 49*z + 1307. What is the hundreds digit of m(59)?
1
Let b = -27 - -27. Suppose 6 + b = 3*o. Suppose -o*l = l - 75. What is the units digit of l?
5
Suppose 3*z + 77787 = -0*b + 5*b, 0 = -4*b + z + 62238. What is the ten thousands digit of b?
1
Let m(d) = 24*d - 1. Let h be m(1). Suppose -3*y - 4*k - 172 = 0, -4*y + 29*k - 188 = 24*k. Let u = h - y. What is the units digit of u?
5
What is the hundreds digit of (858/(-99) + 36)*(135 - 0)?
6
Let s(m) = 2*m + 44. Let o be s(-18). Suppose 0 = -w + o + 1. Suppose w*j - 264 = 7*j. What is the units digit of j?
2
Suppose 82*p - 73*p - 287843 = c, 3*c = 4*p - 127943. What is the hundreds digit of p?
9
Let x(t) = 2*t + 3. Let p be x(6). Suppose -l = 2*k - p, -k - 3*l = -2*l - 5. Suppose -14*c + k*c = -60. What is the tens digit of c?
1
Let i = 45